 + 2*p + 36, -4*r - 4*p = p - 27. Let b = z - r. Is b a multiple of 5?
True
Let r be (-1 + 4)*3/3. Let f = -1 + r. Is (2 - 3)*f + 12 a multiple of 5?
True
Let j(h) = -h**3 + 3*h**2 + h + 4*h**2 - 2 - 2*h**2. Let x be j(5). Suppose 78 = 3*d + x*f, 2*d - d + 4*f = 41. Is 10 a factor of d?
False
Let z(k) = k**2 + k. Does 6 divide z(4)?
False
Does 25 divide (-1690)/(-22) - (-6)/33?
False
Is (-1)/(-2)*(-1 + 117) a multiple of 29?
True
Suppose 0 = 9*r + r - 4320. Does 16 divide r?
True
Let r(y) = y**2 + 4*y - 1. Does 14 divide r(-11)?
False
Suppose 5*g + 0 = 5. Let i(m) = -3*m**2 + 1. Let l be i(g). Is 48 + (1*l - -1) a multiple of 20?
False
Suppose 4*d + 48 = 180. Is d a multiple of 11?
True
Let h be ((-10)/5)/(1/3). Let d(m) = 8*m + 9. Let q be d(h). Let g = -28 - q. Does 4 divide g?
False
Suppose -43 - 74 = -3*r. Let v = -1 + 10. Does 2 divide r/v + 1/(-3)?
True
Let s(k) = -2*k**2 - 2*k + 4. Let j be s(-4). Let u = 30 + j. Is u a multiple of 7?
False
Suppose r - 3*r = -3*v + 43, 0 = 5*r - 5. Is 4 a factor of v?
False
Suppose 3*g - 5*w - 375 = 0, 0*w = 5*g + 3*w - 659. Is g a multiple of 13?
True
Suppose -15 = -3*a - 0*a. Suppose -c + a*j - 225 = -6*c, 53 = c + 5*j. Does 15 divide c?
False
Let j(g) = 3*g - 10. Let v be j(11). Let z = -3 + v. Is z a multiple of 6?
False
Suppose 3*o + 0*o - 3 = 0. Let l = o - -7. Is l a multiple of 2?
True
Suppose 2*h - 6 = -2. Let s(m) = -m + 0*m + m**h + 5*m + 4. Is s(-6) a multiple of 7?
False
Let l be (3 - (-4 + 0)) + 3. Let z = 16 - l. Is z a multiple of 6?
True
Let n(u) = -13*u - 2. Is 7 a factor of n(-1)?
False
Let n = 7 - 5. Suppose -a - 2*a + 12 = 5*g, 5*g = -n*a + 3. Is a a multiple of 9?
True
Let o(b) = -b - 4 - 2 + 3 + 4. Let z be o(-2). Suppose -y + 22 = z. Is 19 a factor of y?
True
Suppose -4*d - z + 1123 = -333, 4*z = -16. Does 30 divide d?
False
Let l = -149 + 214. Is l a multiple of 13?
True
Suppose -3*z = -9, 3*z - 12 = 2*b - 3. Suppose -4*r + 64 + 12 = b. Is r a multiple of 19?
True
Let y = 27 + 22. Is y a multiple of 30?
False
Is -1 + 30 + (0 - -3) a multiple of 16?
True
Let f(h) = -h**2 - 6*h + 2. Let x be f(-6). Suppose 3*o - 5*u - 400 = -x*o, o + 5*u = 86. Suppose -o = -2*l - l. Is 13 a factor of l?
False
Let a be 101*1 - (-6 + 9). Suppose 4*z - 326 = -a. Suppose -z = -3*r - 2*v - 7, -2*r + v + 24 = 0. Does 14 divide r?
True
Let d(w) = w**3 + 6*w**2 - 7*w - 5. Is 12 a factor of d(-6)?
False
Let z = -3 + 6. Let w(r) = r**3 - 4*r**2 + 3*r + 3. Let q be w(z). Suppose -50 = -q*c + 2*c. Is c a multiple of 20?
False
Suppose -5*p + p + 28 = 0. Is p a multiple of 7?
True
Suppose -3*p + 7*p - 32 = 0. Is p a multiple of 4?
True
Suppose -v + 5*j = -48, 3*v + 7*j - 3*j - 163 = 0. Suppose 3*a - v - 52 = 0. Is 13 a factor of a?
False
Let t be (1 - -3) + 0/(-12). Is (51 - t) + -1 + 0 a multiple of 23?
True
Suppose 4 = 2*v - 0*v. Suppose 5*k - 22 = -4*z, -2*z - v*z + 20 = 4*k. Suppose y - 5*f - 55 = -3*y, k*f = -6. Is y a multiple of 10?
True
Suppose 4*v + 24 = 2*v. Does 11 divide 6/(-4)*152/v?
False
Let w = 5 - 8. Does 13 divide (78/(-8))/(w/12)?
True
Suppose -6 = d + 4*w - 48, -3*w - 225 = -4*d. Does 27 divide d?
True
Suppose -8*p = -5*p - 162. Is 9 a factor of p?
True
Let v be (-2)/(-4)*2*3. Suppose 23 = 4*q + v. Is q a multiple of 4?
False
Let a(f) = -5*f - 5. Let k(m) = 2*m**3 - 9*m - m**3 + 3*m**2 + 0 - 9*m**2 + 8. Let i be k(7). Is 19 a factor of a(i)?
False
Suppose 347 - 19 = 4*p. Let v be ((-10)/(-8))/((-2)/(-88)). Let a = p - v. Is 14 a factor of a?
False
Let c = 2 + 1. Suppose -z - 2*o + o + 16 = 0, 5*z - c*o - 48 = 0. Suppose -16 - z = -2*k. Is k a multiple of 7?
True
Let m(y) = y**2 + 4*y + 7. Does 19 divide m(-6)?
True
Suppose 57 = 3*o - 0*o. Is o a multiple of 6?
False
Suppose -386 = -4*n - f, -2*n + 2*f - 3*f = -194. Let i = n - 66. Does 10 divide i?
True
Let f(s) = s**3 - 2*s**2 - 2*s + 2. Let c be f(3). Let r be c*1 + (0 - -2). Let m = 3 + r. Is 10 a factor of m?
True
Let q(r) = -r**3 - 5*r**2 + 3*r - 2. Let o(l) = -4*l - 2. Let f be o(1). Is q(f) a multiple of 9?
False
Suppose -3*h + 2 - 5 = 0. Let u be 9 + -12 + (46 - h). Let z = -20 + u. Is 12 a factor of z?
True
Suppose -5*f = -0*f + 15. Let d(k) = k**3 + 3*k**2 + 2*k + 3. Let l be d(f). Is 12 a factor of -1 - l - 0 - -30?
False
Suppose -5*h - 3*d + 15 = d, -3*h + 4*d + 41 = 0. Is h a multiple of 6?
False
Suppose -2*o = -r + 2 + 4, 0 = -3*r - 5*o + 7. Suppose v + 5 = 0, 4*b + r*v + 25 = -v. Does 17 divide 1 - (-25 + b + 0)?
False
Let u(a) = -a + 1. Let k be u(5). Is 3 a factor of (45/(-10))/(3/k)?
True
Let w = -6 + 11. Suppose -2*b - 8 = -5*d - 0*b, 0 = -w*b + 5. Suppose 5*k + 3*s = 190, -4*k = -k + d*s - 113. Is k a multiple of 20?
False
Suppose -3*c - 2*n + 314 = -0*n, 3*n + 517 = 5*c. Is c a multiple of 29?
False
Let a be ((-6)/4)/((-14)/(-84)). Suppose -4*m + 8 = -l, -5 = -2*m + m. Is (-1 + -11)*l/a a multiple of 8?
True
Let q be ((-48)/20)/((-6)/(-20)). Let x(i) = i**2 + 6*i + 6. Is x(q) a multiple of 15?
False
Let a(i) be the third derivative of -i**4/24 - 2*i**3/3 - i**2. Let v be a(-4). Suppose 3*g - 4*j - 35 = 0, 0 = -2*g - 3*j - v*j + 29. Is g a multiple of 5?
False
Let a(j) = j - 7. Let z be a(4). Let i be (z + 2)*(2 + 62). Is i/24*6/(-4) a multiple of 4?
True
Let t(r) = -r + 3. Suppose -2*m = -0*m + 6. Is 3 a factor of t(m)?
True
Suppose m = 3*m - 14. Suppose -a = 5*w + a - 13, -2*a + m = 3*w. Suppose -k = w*k - 96. Is k a multiple of 11?
False
Let t = 14 - -62. Is t a multiple of 28?
False
Let b = -14 - -24. Let l(u) = 5*u**2 - 4*u**2 + b*u + 8 - 2*u**2 + 3*u**2. Does 10 divide l(-6)?
True
Let y be (-3)/(-2)*(-16)/(-6). Let h be ((-18)/y)/((-12)/160). Suppose j = -4*n + h, 2*n = 3*n + 5*j + 4. Does 16 divide n?
True
Let k be ((-72)/(-14))/(3/14). Suppose -k = -i - i. Does 3 divide i/20 - (-24)/10?
True
Let s = -45 - -60. Is 4 a factor of s?
False
Let a(g) = -4*g - 1. Let u be a(-1). Suppose -4*z - 4 = 0, u*b - 5 = -0*z + 2*z. Is 2 a factor of -3*(b + -2)*1?
False
Is 15 a factor of 1/4 + 537/12?
True
Let d(h) = h**3 - 2*h**2 + h + 1. Suppose -4*f = 4*u - 4 - 0, 15 = 3*f - 3*u. Does 13 divide d(f)?
True
Suppose -5*n - 223 = -2*v, -n = 2*v + 2*n - 199. Suppose f + 0 = 2. Suppose f*x = 6*x - v. Is x a multiple of 14?
False
Is 6/14 + 1776/21 a multiple of 22?
False
Suppose 5*y - 20 = -3*z, 2*y + 3*z - 12 = z. Let t be 1/(1/(y - -29)). Does 10 divide (-12)/(-9)*t/4?
True
Suppose -5*q + 146 + 259 = 3*n, 4*n = -3*q + 232. Is 14 a factor of q?
True
Let a = -10 - -7. Is 10 a factor of 2/a*48/(-1)?
False
Let s(n) = -n**3 - 7*n**2 + 5*n + 10. Suppose -5*d - 5*x - 95 = 0, -41 = 4*d + 5*x + 39. Let o = d - -7. Is 16 a factor of s(o)?
False
Suppose 54 = -14*r + 376. Does 3 divide r?
False
Let v(u) = 2*u - 6. Let a = 1 - -4. Let c be v(a). Suppose -c*f + 120 = -0*f. Is 14 a factor of f?
False
Let k(v) = -v**3 + 3*v**2 + 91. Does 14 divide k(0)?
False
Let v be 2*-4*3/(-4). Suppose 0 = -5*u + 15 - 5. Suppose u*y = v*y - 32. Does 3 divide y?
False
Let t(h) = -2*h**2 + 2*h + 6. Let l(s) = s**2 - s - 4. Let k(w) = -8*l(w) - 5*t(w). Is k(4) a multiple of 14?
False
Let r be 1 - (2 - 1)*-57. Let c = r + -160. Is 5 a factor of 1/(-5) - c/10?
True
Suppose 2*f - 4 - 23 = 5*w, -4*f - 3*w = 11. Suppose f = x + 5, d + 5*x = -21. Is 7 a factor of 7 + (-2 + 2)/d?
True
Let s(j) = -j - 1. Let a be s(-3). Let z(l) = 4*l + 0*l**2 + 2*l**2 + 5 - l**a. Is z(-6) a multiple of 17?
True
Let x be 1 - (-4 - 2/(-1)). Suppose 10 = -l + x*l. Suppose -37 - 43 = -l*b. Is 13 a factor of b?
False
Let k(u) = -6*u. Let i(b) = -b**3 + 2*b**2 - 2. Suppose -j = -3*j - w + 5, 5*j - 6 = 4*w. Let l be i(j). Is 6 a factor of k(l)?
True
Suppose 6 = 7*w - 5*w. Does 5 divide (-9)/(w + 27/(-6))?
False
Let o(g) = g**3 + 5*g**2 + 2*g - 6. Is 3 a factor of o(-3)?
True
Does 30 divide ((-75)/(-30))/((-2)/(-116))?
False
Let p(f) = -f**2 + 14*f + 9. Does 18 divide p(12)?
False
Let w be (-1)/((-1)/18) - 3. Suppose -o + 0*o = -w. Does 11 divide o?
False
Let d(c) = 5*c**3 - 3*c + 3. Let o be d(2). Suppose -4*n + o = -35. Is 10 a factor of n?
False
Suppose -3*v = -5*x + 390, 0 = -3*x - x + 3*v + 315. Is 10 a factor of x?
False
Let i be 12/(-9)*11*-6. Let m be 4/10 - 4/10. Suppose 3*p - i - 2 = m. Is 10 a factor of p?
True
Suppose 0 = b - 1 - 6. Let u(z) = -11*z**3 + 10*z**2 + 9*z - 6. Let q(v